ommon divisor of 141 and o.
47
Suppose 15*z = 10*z - 35. Let q(h) = h**3 + 8*h**2 - 5*h - 14. Let i be q(z). Suppose r - 10 = -0*r. Calculate the greatest common divisor of i and r.
10
Let o(v) = 7*v**2 - 48*v + 21. Let p be o(7). What is the greatest common factor of 28 and p?
28
Let m = -1414 + 2008. What is the greatest common divisor of m and 54?
54
Let n(w) = w**2 - 5*w + 2. Suppose 138 - 38 = 5*h. Suppose 5*t - 10 = h. Let a be n(t). Calculate the greatest common factor of a and 8.
8
Let c(f) = -2*f**2 - 19*f + 21. Let k be c(-9). Let i be -8 + 6/3 + 0. Let z be (3 + -2 + i)*-2. What is the highest common factor of k and z?
10
Suppose 8*l - 3*l - 20 = 5*m, 0 = 5*m + 5. Suppose y = -l*y + 80. Calculate the greatest common factor of 80 and y.
20
Suppose 5 = 3*z - 25. Let t(r) = 6*r - 2. Let a be t(1). Suppose -2*m + 59 + 3 = 3*f, -a*m - 56 = -3*f. Calculate the greatest common divisor of z and f.
10
Suppose 3*k = 192 - 60. Suppose 4*o - k + 32 = 0. Suppose 0 = -3*p - d - 5 + 20, -d = -o*p + 21. What is the greatest common factor of 66 and p?
6
Let y be 1 + (31 - 0/(-5)). Let f = 33 - y. What is the highest common factor of f and 1?
1
Let o = 1407 - 1134. What is the highest common factor of o and 39?
39
Let r = 28 - 22. Let z be (-3)/(-9)*r*1. Suppose 0 = -l - 0*l + 2. What is the greatest common factor of l and z?
2
Suppose -5*n + 3*q + 69 = 13, 5*n - 5*q = 50. What is the greatest common factor of n and 5?
1
Suppose 19*q = 25*q - 684. Calculate the greatest common factor of q and 57.
57
Let b(u) = 5*u**2 - u**3 - 4*u**2 + 11*u + 6*u**2 + 0*u**2 - 2. Let p be 16/(0 + (-2 - -4)). Let t be b(p). What is the greatest common divisor of 2 and t?
2
Suppose -7*d = 5 - 89. Calculate the greatest common factor of 48 and d.
12
Let w = -58 - -86. Calculate the highest common divisor of w and 42.
14
Let g be (-9)/(-1)*1*11/11. Let n be 12*-3*(4 - 51/g). Calculate the highest common divisor of n and 30.
30
Suppose 2*q + 4*o - 4640 = 0, q = 5*q - 4*o - 9292. What is the highest common factor of 54 and q?
54
Let r be 2/8 + 67/4. Suppose 8*p - 12*p = -4*f - 152, -5*p + 2*f + 178 = 0. Calculate the highest common divisor of r and p.
17
Let t = -90 + 94. Suppose -g + 22 = 5*n - 60, -2*n = -t*g - 24. Calculate the highest common divisor of 72 and n.
8
Let q be (-3)/24 + 1/8. Suppose q*s = 4*s - 40. Suppose -3*b - s = -46. Calculate the highest common factor of 48 and b.
12
Let n be (48/72)/(1/12). Suppose 5*g = -0*g - 4*w, 5*g = 3*w + 35. What is the highest common divisor of n and g?
4
Suppose 31215 - 4935 = 9*i. Calculate the greatest common divisor of 40 and i.
40
Let f(v) be the first derivative of -v**3/3 - v**2 + 5*v + 4. Let i be f(-3). Let k be 2 + (3 - 6/i). What is the highest common divisor of k and 20?
2
Let p = -14 + 17. Suppose -2*f = -4*n - 12 - 0, f + p*n - 1 = 0. Suppose 120 = f*j + 24. What is the highest common divisor of 48 and j?
24
Suppose 2 = r - 1. Suppose -2*q - 2*t + 12 = 3*t, q = 2*t - r. Let h = q - -14. What is the highest common factor of 105 and h?
15
Let k = -1083 - -1089. Calculate the greatest common divisor of 24 and k.
6
Let k = 16 - 13. Suppose x + 8 = k*x. Calculate the highest common factor of 28 and x.
4
Suppose -4*j + 6*j + 162 = 0. Let d be 7 - j - (1 + -4). What is the greatest common divisor of 13 and d?
13
Suppose 0 = -4*y - 66 - 18. Let o be 0*(y/(-6) - 3). Let z = o + 4. Calculate the greatest common factor of 28 and z.
4
Let x(z) = z**3 - 6*z**2 + 7*z + 5. Let f be x(5). Suppose -5*q + 24 = -q. Calculate the greatest common divisor of f and q.
3
Suppose 2*n = -i - 1, 0*n = -n + i + 4. Let q be ((-66)/(-24) - 6)*n*-44. What is the greatest common divisor of q and 13?
13
Suppose 1481 = 4*z + 3*o, 0 = -z - z + 5*o + 721. Calculate the greatest common divisor of 16 and z.
16
Let n(h) = 14*h + 1. Let j be n(0). What is the greatest common factor of 16 and j?
1
Let y(m) = m**2 + 13*m + 44. Let u be y(-13). Suppose 4*n + j = 5*j + u, -4*n - j = -29. Calculate the greatest common divisor of 2 and n.
2
Let l be 1*(-1 - 16)*(6 - 4). Let h = l + 184. Calculate the greatest common factor of h and 30.
30
Suppose -6 = 5*n + 4, i + 4*n = 1. Let c(z) = z**3 - 9*z**2 + 11*z - 19. Let l be c(i). Calculate the highest common factor of l and 16.
16
Let z(l) = l - 4. Let h be z(-12). Let j = h - -36. What is the greatest common divisor of j and 50?
10
Let r(t) = t**3 - 8*t**2 - 8*t - 3. Let h be r(9). Let a = 30 - h. Suppose 0*n = 3*n - p - 13, -28 = -4*n + 4*p. What is the greatest common factor of n and a?
3
Let j = 101 - 93. Let n = 3 - 8. Let s be ((-72)/(-15))/((-1)/n). Calculate the greatest common factor of s and j.
8
Let s(f) = -f**2 - 12*f + 22. Let i be s(-12). What is the highest common factor of 242 and i?
22
Let n(b) = -b**2 + 7 - 7 - 15*b + 18. Let f be n(-15). What is the highest common factor of f and 198?
18
Suppose 3*i + 7 = 19. Let x = i - -2. Suppose -x*t + 132 + 138 = 0. Calculate the greatest common divisor of 30 and t.
15
Let n = 211 - 110. Let b = n - -31. What is the highest common divisor of b and 22?
22
Let w = 634 + -625. What is the greatest common factor of w and 477?
9
Let t be (4 + -3)*15 + 3. Suppose 2*j + t + 10 = 0. Let g be j/(1/1 - 3). What is the highest common factor of 14 and g?
7
Let l = 73 - 41. Suppose 8 = 5*y - 27. Let x = y + 9. What is the highest common factor of l and x?
16
Suppose -113*i - 702 = -122*i. Calculate the greatest common divisor of 13 and i.
13
Suppose -4*d - 25 - 91 = 0. Let i(f) = -9*f - 6. Let l be i(-4). Let j = l + d. What is the greatest common factor of 11 and j?
1
Let x be (-2106)/126 - (-4)/(-14). Let d = 1 - x. Let c be (-6 - -2)*d/(-4). Calculate the greatest common divisor of 45 and c.
9
Let c(o) = -o**2 + 4*o + 16. Let d be c(6). Let u be (0 - 26/(-2)) + d. Let n = 164 - -23. Calculate the highest common factor of n and u.
17
Suppose 2*a = -4*x + 412, x + 525 = 6*x + 5*a. Let m = x - 59. What is the highest common divisor of m and 12?
6
Let z(h) = h + 14. Let t be z(-14). Suppose t = -16*d + 11*d + 325. Calculate the greatest common factor of 13 and d.
13
Let q(l) = -6*l - 16. Suppose 0 = -3*u - 4*c - 34, 27 = u - 4*u + 3*c. Let z be q(u). Suppose -2*m - 3*m = -330. Calculate the highest common factor of m and z.
22
Suppose -56*a - a = -1482. What is the highest common factor of a and 26?
26
Let c = -197 - -203. Calculate the greatest common divisor of 32 and c.
2
Suppose 0 = 3*i - 2*t - 456, 4*t - 588 = 9*i - 13*i. What is the greatest common divisor of i and 225?
75
Let x = -161 + 201. Calculate the greatest common divisor of 20 and x.
20
Let j(x) = x**3 - 8*x**2 + 7*x - 10. Let n be j(8). Let g = n + -26. Suppose 2*f - 4*f + 8 = 0. What is the highest common divisor of g and f?
4
Suppose 90 = -5*z + 410. Suppose -w + 22 = -0*c + c, 0 = -2*c + 2*w + z. Calculate the highest common factor of 9 and c.
9
Suppose -3*m = 2*m + z - 733, -3*m + 2*z = -445. Let s = m - 60. Let u = s - 42. What is the greatest common divisor of 5 and u?
5
Let t be (14/(-4))/(3/(-6)). Let r(c) = c**2 + 5*c + 13. Let g be r(-9). What is the highest common divisor of g and t?
7
Let v be -3 - (4 - -3) - -82. Calculate the greatest common divisor of v and 276.
12
Let n be (-3)/5 - (-6083)/55. Suppose 5*j = 135 - 25. Calculate the greatest common factor of j and n.
22
Let u = -9 - -26. Let s = 25 - u. Suppose -s = -3*h + 4. Calculate the highest common divisor of 24 and h.
4
Suppose -5*u = -3*w + 476, 758 = 4*w - 2*u + 114. Suppose 7*o - w = 5*o. Calculate the greatest common factor of 9 and o.
9
Suppose 41*d = 34*d + 280. Calculate the highest common divisor of 20 and d.
20
Let x be (-3 - -6) + -4 - -306. Calculate the greatest common factor of x and 61.
61
Let g(u) = u**2 - 66*u + 349. Let x be g(61). What is the highest common divisor of x and 242?
22
Suppose 0 = 3*j + 4*r - 304, -5*j - r = -476 - 8. Let k(a) = -11*a + 2. Let v be k(-2). Let u = v - 8. Calculate the highest common divisor of j and u.
16
Let j = -960 + 971. Let c be (-2)/(24/(-11) - -2). What is the highest common factor of j and c?
11
Let d = 405 + -403. Calculate the greatest common divisor of 34 and d.
2
Suppose 0 = -o - 4*f + 122, -160 = -2*o - 3*f + 69. Calculate the highest common divisor of o and 50.
10
Let